{"id":30,"date":"2024-07-19T08:22:40","date_gmt":"2024-07-19T08:22:40","guid":{"rendered":"https:\/\/fahrzeugtechnik.fh-joanneum.at\/prueffeld\/?page_id=30"},"modified":"2024-08-30T08:11:36","modified_gmt":"2024-08-30T08:11:36","slug":"vision-mission","status":"publish","type":"page","link":"https:\/\/fahrzeugtechnik.fh-joanneum.at\/prueffeld\/vision-mission\/","title":{"rendered":""},"content":{"rendered":"\t\t<div data-elementor-type=\"wp-page\" data-elementor-id=\"30\" class=\"elementor elementor-30\">\n\t\t\t\t<div class=\"elementor-element elementor-element-39b59f9 e-flex e-con-boxed e-con e-parent\" data-id=\"39b59f9\" data-element_type=\"container\" data-e-type=\"container\">\n\t\t\t\t\t<div class=\"e-con-inner\">\n\t\t\t\t<div class=\"elementor-element elementor-element-4a074ca elementor-widget elementor-widget-image\" data-id=\"4a074ca\" data-element_type=\"widget\" data-e-type=\"widget\" data-widget_type=\"image.default\">\n\t\t\t\t<div class=\"elementor-widget-container\">\n\t\t\t\t\t\t\t\t\t\t\t\t\t\t\t<img fetchpriority=\"high\" decoding=\"async\" width=\"798\" height=\"156\" src=\"https:\/\/fahrzeugtechnik.fh-joanneum.at\/prueffeld\/wp-content\/uploads\/2024\/08\/Mission-2.png\" class=\"attachment-large size-large wp-image-771\" alt=\"\" srcset=\"https:\/\/fahrzeugtechnik.fh-joanneum.at\/prueffeld\/wp-content\/uploads\/2024\/08\/Mission-2.png 798w, https:\/\/fahrzeugtechnik.fh-joanneum.at\/prueffeld\/wp-content\/uploads\/2024\/08\/Mission-2-300x59.png 300w, https:\/\/fahrzeugtechnik.fh-joanneum.at\/prueffeld\/wp-content\/uploads\/2024\/08\/Mission-2-768x150.png 768w\" sizes=\"(max-width: 798px) 100vw, 798px\" \/>\t\t\t\t\t\t\t\t\t\t\t\t\t\t\t<\/div>\n\t\t\t\t<\/div>\n\t\t\t\t\t<\/div>\n\t\t\t\t<\/div>\n\t\t<div class=\"elementor-element elementor-element-6ec284a e-flex e-con-boxed e-con e-parent\" data-id=\"6ec284a\" data-element_type=\"container\" data-e-type=\"container\">\n\t\t\t\t\t<div class=\"e-con-inner\">\n\t\t\t\t<div class=\"elementor-element elementor-element-f69847c elementor-widget elementor-widget-heading\" data-id=\"f69847c\" data-element_type=\"widget\" data-e-type=\"widget\" data-widget_type=\"heading.default\">\n\t\t\t\t<div class=\"elementor-widget-container\">\n\t\t\t\t\t<h2 class=\"elementor-heading-title elementor-size-default\">Vision<\/h2>\t\t\t\t<\/div>\n\t\t\t\t<\/div>\n\t\t\t\t\t<\/div>\n\t\t\t\t<\/div>\n\t\t<div class=\"elementor-element elementor-element-0a7536a e-flex e-con-boxed e-con e-parent\" data-id=\"0a7536a\" data-element_type=\"container\" data-e-type=\"container\">\n\t\t\t\t\t<div class=\"e-con-inner\">\n\t\t\t\t<div class=\"elementor-element elementor-element-5622d7a elementor-widget elementor-widget-text-editor\" data-id=\"5622d7a\" data-element_type=\"widget\" data-e-type=\"widget\" data-widget_type=\"text-editor.default\">\n\t\t\t\t<div class=\"elementor-widget-container\">\n\t\t\t\t\t\t\t\t\t<p>Wir begeistern unsere Kunden mit unserer gro\u00dfen Flexibilit\u00e4t und Zuverl\u00e4ssigkeit.<\/p><p>Wir liefern termingerecht unsere Ergebnisse und gehen auf Kundenw\u00fcnsche ein.<br \/>Wir streben mit unseren Kunden und Lieferanten eine langj\u00e4hrige, partnerschaftliche Zusammenarbeit an und f\u00f6rdern die F\u00e4higkeiten und Motivation unserer Mitarbeiter, um die Anforderungen unserer Kunden durch effiziente Arbeit zu erf\u00fcllen.<\/p>\t\t\t\t\t\t\t\t<\/div>\n\t\t\t\t<\/div>\n\t\t\t\t\t<\/div>\n\t\t\t\t<\/div>\n\t\t<div class=\"elementor-element elementor-element-25a9cba e-flex e-con-boxed e-con e-parent\" data-id=\"25a9cba\" data-element_type=\"container\" data-e-type=\"container\">\n\t\t\t\t\t<div class=\"e-con-inner\">\n\t\t\t\t<div class=\"elementor-element elementor-element-bfd1f32 elementor-widget elementor-widget-heading\" data-id=\"bfd1f32\" data-element_type=\"widget\" data-e-type=\"widget\" data-widget_type=\"heading.default\">\n\t\t\t\t<div class=\"elementor-widget-container\">\n\t\t\t\t\t<h2 class=\"elementor-heading-title elementor-size-default\">Mission<\/h2>\t\t\t\t<\/div>\n\t\t\t\t<\/div>\n\t\t\t\t\t<\/div>\n\t\t\t\t<\/div>\n\t\t<div class=\"elementor-element elementor-element-81e84cf e-flex e-con-boxed e-con e-parent\" data-id=\"81e84cf\" data-element_type=\"container\" data-e-type=\"container\">\n\t\t\t\t\t<div class=\"e-con-inner\">\n\t\t\t\t<div class=\"elementor-element elementor-element-85d69c1 elementor-widget elementor-widget-text-editor\" data-id=\"85d69c1\" data-element_type=\"widget\" data-e-type=\"widget\" data-widget_type=\"text-editor.default\">\n\t\t\t\t<div class=\"elementor-widget-container\">\n\t\t\t\t\t\t\t\t\t\u201eWir pr\u00fcfen und berechnen nach diversen Kundenanforderungen und gesetzlichen Normen und unterst\u00fctzen unsere Kunden bei ma\u00dfgeschneiderten L\u00f6sungen. Unser langj\u00e4hriges know-how teilen wir gerne mit unseren Partnern, um langfristige Kooperationen zu schaffen.\u201c\n\t\t\t\t\t\t\t\t<\/div>\n\t\t\t\t<\/div>\n\t\t\t\t\t<\/div>\n\t\t\t\t<\/div>\n\t\t<div class=\"elementor-element elementor-element-e7c3d84 e-flex e-con-boxed e-con e-parent\" data-id=\"e7c3d84\" data-element_type=\"container\" data-e-type=\"container\">\n\t\t\t\t\t<div class=\"e-con-inner\">\n\t\t\t\t\t<\/div>\n\t\t\t\t<\/div>\n\t\t\t\t<\/div>\n\t\t","protected":false},"excerpt":{"rendered":"<p>Vision Wir begeistern unsere Kunden mit unserer gro\u00dfen Flexibilit\u00e4t und Zuverl\u00e4ssigkeit. Wir liefern termingerecht unsere Ergebnisse und gehen auf Kundenw\u00fcnsche ein.Wir streben mit unseren Kunden und Lieferanten eine langj\u00e4hrige, partnerschaftliche Zusammenarbeit an und f\u00f6rdern die F\u00e4higkeiten und Motivation unserer Mitarbeiter, um die Anforderungen unserer Kunden durch effiziente Arbeit zu erf\u00fcllen. Mission \u201eWir pr\u00fcfen und berechnen [&hellip;]<\/p>\n","protected":false},"author":2,"featured_media":0,"parent":0,"menu_order":0,"comment_status":"closed","ping_status":"closed","template":"","meta":{"footnotes":""},"class_list":["post-30","page","type-page","status-publish","hentry"],"_links":{"self":[{"href":"https:\/\/fahrzeugtechnik.fh-joanneum.at\/prueffeld\/wp-json\/wp\/v2\/pages\/30","targetHints":{"allow":["GET"]}}],"collection":[{"href":"https:\/\/fahrzeugtechnik.fh-joanneum.at\/prueffeld\/wp-json\/wp\/v2\/pages"}],"about":[{"href":"https:\/\/fahrzeugtechnik.fh-joanneum.at\/prueffeld\/wp-json\/wp\/v2\/types\/page"}],"author":[{"embeddable":true,"href":"https:\/\/fahrzeugtechnik.fh-joanneum.at\/prueffeld\/wp-json\/wp\/v2\/users\/2"}],"replies":[{"embeddable":true,"href":"https:\/\/fahrzeugtechnik.fh-joanneum.at\/prueffeld\/wp-json\/wp\/v2\/comments?post=30"}],"version-history":[{"count":17,"href":"https:\/\/fahrzeugtechnik.fh-joanneum.at\/prueffeld\/wp-json\/wp\/v2\/pages\/30\/revisions"}],"predecessor-version":[{"id":774,"href":"https:\/\/fahrzeugtechnik.fh-joanneum.at\/prueffeld\/wp-json\/wp\/v2\/pages\/30\/revisions\/774"}],"wp:attachment":[{"href":"https:\/\/fahrzeugtechnik.fh-joanneum.at\/prueffeld\/wp-json\/wp\/v2\/media?parent=30"}],"curies":[{"name":"wp","href":"https:\/\/api.w.org\/{rel}","templated":true}]}}